{"id":3451,"date":"2025-04-18T15:32:47","date_gmt":"2025-04-18T19:32:47","guid":{"rendered":"https:\/\/unitedwaysem.org\/?post_type=equity&#038;p=3451"},"modified":"2025-04-18T15:32:47","modified_gmt":"2025-04-18T19:32:47","slug":"day-14-injustice-in-the-justice-system","status":"publish","type":"equity","link":"https:\/\/unitedwaysem.org\/es\/equity-challenge-days\/day-14-injustice-in-the-justice-system\/","title":{"rendered":"D\u00eda 14: La injusticia en el sistema judicial"},"template":"","class_list":["post-3451","equity","type-equity","status-publish","hentry","equity-year-274"],"acf":{"details":{"equity_year":274,"day_number":14,"availability_date":"20210609"},"page_layout":[{"acf_fc_layout":"layout_quote_hero","_acfe_flexible_toggle":"","component_quote_hero":{"kicker_text":"2021 Equity Challenge","heading":"Day 14: Injustice in the Justice System","summary":"","cta":"","quote":"The true measure of our character is how we treat the poor, the disfavored, the accused, the incarcerated and the condemned.","attribution":"Bryan Stevenson","source":"Human rights lawyer and founder and executive director of the Equal Justice Initiative"}},{"acf_fc_layout":"layout_wysiwyg","_acfe_flexible_toggle":"","component_wysiwyg":{"content":"En los \u00faltimos 40 a\u00f1os, Estados Unidos ha aumentado el n\u00famero de ciudadanos encarcelados en m\u00e1s de un 500 %, hasta alcanzar los 2,2 millones de personas, lo que lo convierte en el pa\u00eds con mayor poblaci\u00f3n carcelaria del mundo. Este aumento, conocido popularmente como\u00a0<strong>encarcelamiento masivo<\/strong>, no ha afectado a todas las comunidades por igual. Las personas pobres y de color son m\u00e1s propensas a ser arrestadas, condenadas y sentenciadas con dureza. Consideren estas estad\u00edsticas del\u00a0<a href=\"https:\/\/eji.org\/criminal-justice-reform\/\">Iniciativa por la Igualdad en la Justicia<\/a>\u00a0(EJI):\r\n<ul class=\"wp-block-list\">\r\n \t<li>Estados Unidos tiene el 5 % de la poblaci\u00f3n mundial, pero casi el 25 % de la poblaci\u00f3n carcelaria.<\/li>\r\n \t<li>Nuestro gasto en c\u00e1rceles y prisiones alcanz\u00f3 los 1,87 billones de pesos en 2015, lo que supone un aumento del 1000 % con respecto a los 7,4 billones de pesos gastados en 1975.<\/li>\r\n \t<li>Entre 1980 y 2017, el n\u00famero de mujeres en c\u00e1rceles y prisiones de los Estados Unidos aument\u00f3 un 750 %. En la actualidad, m\u00e1s de 225 000 mujeres se encuentran encarceladas.<\/li>\r\n<\/ul>\r\nLa organizaci\u00f3n Ending Mass Incarceration se\u00f1ala: \u201cEn ning\u00fan \u00e1mbito de la sociedad estadounidense son m\u00e1s evidentes los legados de la esclavitud y el racismo que en el sistema penal. A pesar de representar solo el 12 % de la poblaci\u00f3n de Estados Unidos, las personas negras constituyen el 50 % de la poblaci\u00f3n carcelaria del pa\u00eds\u201d.\r\n\r\nSin los recursos adecuados ni acceso a asistencia jur\u00eddica o ayuda para investigar los casos, muchas personas acusadas de delitos se enfrentan a veredictos determinados por la riqueza, no por la culpabilidad. EJI explica: \u201cLas pol\u00edticas de \u2018mano dura contra el crimen\u2019 que condujeron al encarcelamiento masivo tienen su origen en la creencia de que las personas negras y de piel morena son inherentemente culpables y peligrosas, y esa creencia sigue impulsando hoy en d\u00eda pol\u00edticas de sentencias excesivas\u201d. Adem\u00e1s, el encarcelamiento masivo tiene efectos perjudiciales para millones de familias estadounidenses, anula el derecho constitucional al voto de millones de personas y frena el crecimiento econ\u00f3mico nacional. El desaf\u00edo de hoy explora la intersecci\u00f3n entre la raza y el encarcelamiento masivo, y c\u00f3mo nosotros, como naci\u00f3n, podemos avanzar hacia la verdadera libertad y justicia para todos.","":null,"settings":""}},{"acf_fc_layout":"layout_group","_acfe_flexible_toggle":"","component_group":{"version":"3","header":{"":null,"show_arrows":false,"heading":"Today's Challenge","subheading":"","abstract":""},"columns":[{"image":"","title":"Read","abstract":"Learn about criminal justice facts and statistics through\u00a0<a href=\"https:\/\/www.sentencingproject.org\/criminal-justice-facts\/\">this infographic<\/a>. (5 minutes)\r\n\r\n<a href=\"https:\/\/www.prisonpolicy.org\/profiles\/MI.html\">Take a look at these charts<\/a>\u00a0on incarceration rates in Michigan and the racial disparities that show up. (5 minutes)\r\n\r\n<a href=\"https:\/\/www.bridgemi.com\/michigan-government\/whitmer-signs-clean-slate-michigan-allowing-automatic-felony-expungement\">Learn how the Clean Slate Michigan bill<\/a>\u00a0is an important step toward fixing Michigan\u2019s incarceration problem. (4 minutes)","button":""},{"image":"","title":"Watch","abstract":"<a href=\"https:\/\/www.ted.com\/talks\/bryan_stevenson_we_need_to_talk_about_an_injustice?language=en\">Watch this powerful, engaging TED Talk<\/a>\u00a0on injustice from human rights lawyer Bryan Stevenson. (23 minutes)\r\n\r\n<a href=\"https:\/\/www.youtube.com\/watch?v=HoKkasEyDOI\">Watch this video explaining the school-to-prison pipeline.<\/a>\u00a0(3 minutes)","button":""}]}},{"acf_fc_layout":"layout_wysiwyg","_acfe_flexible_toggle":"","component_wysiwyg":{"content":"<h3 class=\"wp-block-heading has-text-align-center mt-3\">Reflexione y comparta:<\/h3>\r\n<ol class=\"wp-block-list\">\r\n \t<li>\u00bfCu\u00e1l de los recursos de hoy le ha ayudado m\u00e1s a cambiar su forma de pensar sobre la desigualdad y el encarcelamiento masivo? \u00bfPor qu\u00e9?<\/li>\r\n \t<li>\u00bfSobre qu\u00e9 material de hoy todav\u00eda tiene preguntas o desea aprender m\u00e1s? \u00bfDe qu\u00e9 maneras puede explorar m\u00e1s a fondo esas preguntas?<\/li>\r\n \t<li>\u00bfC\u00f3mo podr\u00eda la reforma de las injusticias del sistema penal generar equidad en el sureste de Michigan?<\/li>\r\n<\/ol>","":null,"settings":""}},{"acf_fc_layout":"layout_footer_promo","_acfe_flexible_toggle":"","component_footer_promo":{"title":"Hable con su c\u00edrculo social.","abstract":"Start the conversation. Send the tweet. Share your story. Make the Facebook post. Sharing what you learn and experience with your family, friends, and co-workers is the first step toward allyship. Join thousands in conversation by using hastag #EquityChallenge or #TakeTheEC21","buttons":null}}]},"yoast_head":"<!-- This site is optimized with the Yoast SEO plugin v26.8 - https:\/\/yoast.com\/product\/yoast-seo-wordpress\/ -->\n<title>Day 14: Injustice in the Justice System - United Way for Southeastern Michigan<\/title>\n<meta name=\"robots\" content=\"index, follow, max-snippet:-1, max-image-preview:large, max-video-preview:-1\" \/>\n<link rel=\"canonical\" href=\"https:\/\/unitedwaysem.org\/es\/equity-challenge-days\/day-14-injustice-in-the-justice-system\/\" \/>\n<meta property=\"og:locale\" content=\"es_MX\" \/>\n<meta property=\"og:type\" content=\"article\" \/>\n<meta property=\"og:title\" content=\"Day 14: Injustice in the Justice System - United Way for Southeastern Michigan\" \/>\n<meta property=\"og:url\" content=\"https:\/\/unitedwaysem.org\/es\/equity-challenge-days\/day-14-injustice-in-the-justice-system\/\" \/>\n<meta property=\"og:site_name\" content=\"United Way for Southeastern Michigan\" \/>\n<meta property=\"og:image\" content=\"https:\/\/unitedwaysem.org\/wp-content\/uploads\/2025\/01\/uwsem-share-image-v2.jpg\" \/>\n\t<meta property=\"og:image:width\" content=\"1200\" \/>\n\t<meta property=\"og:image:height\" content=\"630\" \/>\n\t<meta property=\"og:image:type\" content=\"image\/jpeg\" \/>\n<meta name=\"twitter:card\" content=\"summary_large_image\" \/>\n<script type=\"application\/ld+json\" class=\"yoast-schema-graph\">{\"@context\":\"https:\/\/schema.org\",\"@graph\":[{\"@type\":\"WebPage\",\"@id\":\"https:\/\/unitedwaysem.org\/equity-challenge-days\/day-14-injustice-in-the-justice-system\/\",\"url\":\"https:\/\/unitedwaysem.org\/equity-challenge-days\/day-14-injustice-in-the-justice-system\/\",\"name\":\"Day 14: Injustice in the Justice System - United Way for Southeastern Michigan\",\"isPartOf\":{\"@id\":\"https:\/\/unitedwaysem.org\/#website\"},\"datePublished\":\"2025-04-18T19:32:47+00:00\",\"breadcrumb\":{\"@id\":\"https:\/\/unitedwaysem.org\/equity-challenge-days\/day-14-injustice-in-the-justice-system\/#breadcrumb\"},\"inLanguage\":\"es\",\"potentialAction\":[{\"@type\":\"ReadAction\",\"target\":[\"https:\/\/unitedwaysem.org\/equity-challenge-days\/day-14-injustice-in-the-justice-system\/\"]}]},{\"@type\":\"BreadcrumbList\",\"@id\":\"https:\/\/unitedwaysem.org\/equity-challenge-days\/day-14-injustice-in-the-justice-system\/#breadcrumb\",\"itemListElement\":[{\"@type\":\"ListItem\",\"position\":1,\"name\":\"Home\",\"item\":\"https:\/\/unitedwaysem.org\/\"},{\"@type\":\"ListItem\",\"position\":2,\"name\":\"Day 14: Injustice in the Justice System\"}]},{\"@type\":\"WebSite\",\"@id\":\"https:\/\/unitedwaysem.org\/#website\",\"url\":\"https:\/\/unitedwaysem.org\/\",\"name\":\"United Way for Southeastern Michigan\",\"description\":\"\",\"publisher\":{\"@id\":\"https:\/\/unitedwaysem.org\/#organization\"},\"potentialAction\":[{\"@type\":\"SearchAction\",\"target\":{\"@type\":\"EntryPoint\",\"urlTemplate\":\"https:\/\/unitedwaysem.org\/?s={search_term_string}\"},\"query-input\":{\"@type\":\"PropertyValueSpecification\",\"valueRequired\":true,\"valueName\":\"search_term_string\"}}],\"inLanguage\":\"es\"},{\"@type\":\"Organization\",\"@id\":\"https:\/\/unitedwaysem.org\/#organization\",\"name\":\"United Way for Southeastern Michigan\",\"url\":\"https:\/\/unitedwaysem.org\/\",\"logo\":{\"@type\":\"ImageObject\",\"inLanguage\":\"es\",\"@id\":\"https:\/\/unitedwaysem.org\/#\/schema\/logo\/image\/\",\"url\":\"https:\/\/unitedwaysem.org\/wp-content\/uploads\/2024\/12\/uwsem-logo.png\",\"contentUrl\":\"https:\/\/unitedwaysem.org\/wp-content\/uploads\/2024\/12\/uwsem-logo.png\",\"width\":768,\"height\":768,\"caption\":\"United Way for Southeastern Michigan\"},\"image\":{\"@id\":\"https:\/\/unitedwaysem.org\/#\/schema\/logo\/image\/\"}}]}<\/script>\n<!-- \/ Yoast SEO plugin. -->","yoast_head_json":{"title":"D\u00eda 14: Injusticia en el sistema judicial - United Way for Southeastern Michigan","robots":{"index":"index","follow":"follow","max-snippet":"max-snippet:-1","max-image-preview":"max-image-preview:large","max-video-preview":"max-video-preview:-1"},"canonical":"https:\/\/unitedwaysem.org\/es\/equity-challenge-days\/day-14-injustice-in-the-justice-system\/","og_locale":"es_MX","og_type":"article","og_title":"Day 14: Injustice in the Justice System - United Way for Southeastern Michigan","og_url":"https:\/\/unitedwaysem.org\/es\/equity-challenge-days\/day-14-injustice-in-the-justice-system\/","og_site_name":"United Way for Southeastern Michigan","og_image":[{"width":1200,"height":630,"url":"https:\/\/unitedwaysem.org\/wp-content\/uploads\/2025\/01\/uwsem-share-image-v2.jpg","type":"image\/jpeg"}],"twitter_card":"summary_large_image","schema":{"@context":"https:\/\/schema.org","@graph":[{"@type":"WebPage","@id":"https:\/\/unitedwaysem.org\/equity-challenge-days\/day-14-injustice-in-the-justice-system\/","url":"https:\/\/unitedwaysem.org\/equity-challenge-days\/day-14-injustice-in-the-justice-system\/","name":"D\u00eda 14: Injusticia en el sistema judicial - United Way for Southeastern Michigan","isPartOf":{"@id":"https:\/\/unitedwaysem.org\/#website"},"datePublished":"2025-04-18T19:32:47+00:00","breadcrumb":{"@id":"https:\/\/unitedwaysem.org\/equity-challenge-days\/day-14-injustice-in-the-justice-system\/#breadcrumb"},"inLanguage":"es","potentialAction":[{"@type":"ReadAction","target":["https:\/\/unitedwaysem.org\/equity-challenge-days\/day-14-injustice-in-the-justice-system\/"]}]},{"@type":"BreadcrumbList","@id":"https:\/\/unitedwaysem.org\/equity-challenge-days\/day-14-injustice-in-the-justice-system\/#breadcrumb","itemListElement":[{"@type":"ListItem","position":1,"name":"Home","item":"https:\/\/unitedwaysem.org\/"},{"@type":"ListItem","position":2,"name":"Day 14: Injustice in the Justice System"}]},{"@type":"WebSite","@id":"https:\/\/unitedwaysem.org\/#website","url":"https:\/\/unitedwaysem.org\/","name":"United Way para el sureste de Michigan","description":"","publisher":{"@id":"https:\/\/unitedwaysem.org\/#organization"},"potentialAction":[{"@type":"SearchAction","target":{"@type":"EntryPoint","urlTemplate":"https:\/\/unitedwaysem.org\/?s={search_term_string}"},"query-input":{"@type":"PropertyValueSpecification","valueRequired":true,"valueName":"search_term_string"}}],"inLanguage":"es"},{"@type":"Organization","@id":"https:\/\/unitedwaysem.org\/#organization","name":"United Way para el sureste de Michigan","url":"https:\/\/unitedwaysem.org\/","logo":{"@type":"ImageObject","inLanguage":"es","@id":"https:\/\/unitedwaysem.org\/#\/schema\/logo\/image\/","url":"https:\/\/unitedwaysem.org\/wp-content\/uploads\/2024\/12\/uwsem-logo.png","contentUrl":"https:\/\/unitedwaysem.org\/wp-content\/uploads\/2024\/12\/uwsem-logo.png","width":768,"height":768,"caption":"United Way for Southeastern Michigan"},"image":{"@id":"https:\/\/unitedwaysem.org\/#\/schema\/logo\/image\/"}}]}},"_links":{"self":[{"href":"https:\/\/unitedwaysem.org\/es\/wp-json\/wp\/v2\/equity\/3451","targetHints":{"allow":["GET"]}}],"collection":[{"href":"https:\/\/unitedwaysem.org\/es\/wp-json\/wp\/v2\/equity"}],"about":[{"href":"https:\/\/unitedwaysem.org\/es\/wp-json\/wp\/v2\/types\/equity"}],"version-history":[{"count":0,"href":"https:\/\/unitedwaysem.org\/es\/wp-json\/wp\/v2\/equity\/3451\/revisions"}],"wp:attachment":[{"href":"https:\/\/unitedwaysem.org\/es\/wp-json\/wp\/v2\/media?parent=3451"}],"curies":[{"name":"wp","href":"https:\/\/api.w.org\/{rel}","templated":true}]}}

Día 14: La injusticia en el sistema judicial

En los últimos 40 años, Estados Unidos ha aumentado el número de ciudadanos encarcelados en más de un 500 %, hasta alcanzar los 2,2 millones de personas, lo que lo convierte en el país con mayor población carcelaria del mundo. Este aumento, conocido popularmente como <strong>encarcelamiento masivo</strong>, no ha afectado a todas las comunidades por igual. Las personas pobres y de color son más propensas a ser arrestadas, condenadas y sentenciadas con dureza. Consideren estas estadísticas del <a href="https://eji.org/criminal-justice-reform/">Iniciativa por la Igualdad en la Justicia</a> (EJI):
<ul class="wp-block-list">
 	<li>Estados Unidos tiene el 5 % de la población mundial, pero casi el 25 % de la población carcelaria.</li>
 	<li>Nuestro gasto en cárceles y prisiones alcanzó los 1,87 billones de pesos en 2015, lo que supone un aumento del 1000 % con respecto a los 7,4 billones de pesos gastados en 1975.</li>
 	<li>Entre 1980 y 2017, el número de mujeres en cárceles y prisiones de los Estados Unidos aumentó un 750 %. En la actualidad, más de 225 000 mujeres se encuentran encarceladas.</li>
</ul>
La organización Ending Mass Incarceration señala: “En ningún ámbito de la sociedad estadounidense son más evidentes los legados de la esclavitud y el racismo que en el sistema penal. A pesar de representar solo el 12 % de la población de Estados Unidos, las personas negras constituyen el 50 % de la población carcelaria del país”.

Sin los recursos adecuados ni acceso a asistencia jurídica o ayuda para investigar los casos, muchas personas acusadas de delitos se enfrentan a veredictos determinados por la riqueza, no por la culpabilidad. EJI explica: “Las políticas de ‘mano dura contra el crimen’ que condujeron al encarcelamiento masivo tienen su origen en la creencia de que las personas negras y de piel morena son inherentemente culpables y peligrosas, y esa creencia sigue impulsando hoy en día políticas de sentencias excesivas”. Además, el encarcelamiento masivo tiene efectos perjudiciales para millones de familias estadounidenses, anula el derecho constitucional al voto de millones de personas y frena el crecimiento económico nacional. El desafío de hoy explora la intersección entre la raza y el encarcelamiento masivo, y cómo nosotros, como nación, podemos avanzar hacia la verdadera libertad y justicia para todos.

<h3 class="wp-block-heading has-text-align-center mt-3">Reflexione y comparta:</h3>
<ol class="wp-block-list">
 	<li>¿Cuál de los recursos de hoy le ha ayudado más a cambiar su forma de pensar sobre la desigualdad y el encarcelamiento masivo? ¿Por qué?</li>
 	<li>¿Sobre qué material de hoy todavía tiene preguntas o desea aprender más? ¿De qué maneras puede explorar más a fondo esas preguntas?</li>
 	<li>¿Cómo podría la reforma de las injusticias del sistema penal generar equidad en el sureste de Michigan?</li>
</ol>

Hable con su círculo social.

Día 14: Injusticia en el sistema judicial - United Way for Southeastern Michigan
