{"id":3439,"date":"2025-04-18T15:12:10","date_gmt":"2025-04-18T19:12:10","guid":{"rendered":"https:\/\/unitedwaysem.org\/?post_type=equity&#038;p=3439"},"modified":"2025-04-18T15:12:10","modified_gmt":"2025-04-18T19:12:10","slug":"day-8-tracing-inequity-in-the-history-of-metro-detroit","status":"publish","type":"equity","link":"https:\/\/unitedwaysem.org\/es\/equity-challenge-days\/day-8-tracing-inequity-in-the-history-of-metro-detroit\/","title":{"rendered":"D\u00eda 8: Rastreando la desigualdad en la historia del \u00e1rea metropolitana de Detroit"},"template":"","class_list":["post-3439","equity","type-equity","status-publish","hentry","equity-year-274"],"acf":{"details":{"equity_year":274,"day_number":8,"availability_date":"20210601"},"page_layout":[{"acf_fc_layout":"layout_quote_hero","_acfe_flexible_toggle":"","component_quote_hero":{"kicker_text":"2021 Equity Challenge","heading":"Day 8: Tracing Inequity in the History of Metro Detroit","summary":"","cta":"","quote":"\u201cSperamus meliora; resurget cineribus.\u201d (\u201cWe hope for better things; it shall rise from the ashes.\u201d)","attribution":"Father Gabriel Richard","source":"After the Detroit fire of 1805"}},{"acf_fc_layout":"layout_wysiwyg","_acfe_flexible_toggle":"","component_wysiwyg":{"content":"Though we might not see it on the surface, the effects of historic, race-based inequity run deep and wide in Southeastern Michigan. Understanding the far-reaching impact of race relations in the history of metro Detroit is key to developing a more equitable region for all.\r\n\r\nAccording to the\u00a0<a href=\"https:\/\/www.nps.gov\/articles\/000\/native-american-history-in-detroit.htm#:~:text=Detroit%20occupies%20the%20contemporary%20and,by%20the%20city%20in%201807.\">Servicio de Parques Nacionales<\/a>, \u201cDetroit ocupa las tierras ancestrales y contempor\u00e1neas de... los ojibwe, los ottawa y los potawatomi\u201d. El Tratado de Detroit de 1807 oblig\u00f3 a los pueblos ind\u00edgenas a abandonar estas tierras y trasladarse a reservas con las que no ten\u00edan ninguna conexi\u00f3n hist\u00f3rica. M\u00e1s de 200 a\u00f1os despu\u00e9s, los efectos negativos del Tratado de Detroit se pueden observar en la desigualdad a la que se enfrenta esta comunidad:\u00a0<a href=\"https:\/\/www.ncbi.nlm.nih.gov\/pmc\/articles\/PMC2567901\/#:~:text=U.S.%20Census%20Bureau%20statistics%20reveal,communities%20(e.g.%2C%2066%25).\">Los datos federales muestran que<\/a>\u00a0Native Americans suffer worse outcomes in education, healthcare, and life expectancy, and experience higher rates of obesity, substance abuse, violence and suicide.\r\n\r\nIn 1950, at its peak population of nearly 2 million people, the city of Detroit was 84 percent white (over 1.5 million people). Today, less than 15 percent of Detroit\u2019s 672,000 residents are white \u2014 that\u2019s fewer than 100,000 people. What factors led to the mass exodus of hundreds of thousands of Detroiters from what was once America\u2019s fourth-most populous city? And how did racial division play a part in the development of our city and greater region? Today we\u2019ll explore junctures that exacerbated race-based inequity in the Motor City, including the dismissal of indigenous nations, white flight, Detroit\u2019s bankruptcy, the 1967 uprising, and the destruction of Detroit\u2019s Black Bottom.","":null,"settings":""}},{"acf_fc_layout":"layout_group","_acfe_flexible_toggle":"","component_group":{"version":"3","header":{"":null,"show_arrows":false,"heading":"Today's Challenge","subheading":"","abstract":""},"columns":[{"image":"","title":"Read","abstract":"<a href=\"https:\/\/detroithistorical.org\/learn\/encyclopedia-of-detroit\/uprising-1967\">Read about the 1967 uprising<\/a>\u00a0and the\u00a0<a href=\"https:\/\/detroithistorical.org\/learn\/encyclopedia-of-detroit\/race-riot-1943\">1943 race riot<\/a>\u00a0from the Detroit Historical Society. In both instances, widespread unrest accelerated the extensive departure of droves of white Detroiters to the suburbs. (3 minutes)\r\n\r\n<a href=\"https:\/\/www.hourdetroit.com\/community\/a-deeper-look-into-the-racial-and-ethnic-tensions-dividing-metro-detroit\/\">Read this piece from Hour Detroit<\/a>\u00a0on the racial and ethnic tensions that have historically divided our region. (10 minutes)\r\n\r\n<a href=\"https:\/\/www.epi.org\/blog\/detroits-bankruptcy-reflects-history-racism\/\">Read Ross Eisenbrey\u2019s analysis<\/a>\u00a0of Detroit\u2019s bankruptcy as a symptom of racism. (6 minutes)","button":""},{"image":"","title":"Listen","abstract":"<a href=\"https:\/\/www.michiganradio.org\/post\/detroits-last-spike-white-flight\">Listen to Lester Graham\u2019s report<\/a>\u00a0on \u201cDetroit\u2019s Last Spike in White Flight,\u201d highlighting how racial division was a major contributing factor to the decline of Detroit. (4 minutes)","button":""},{"image":"","title":"Watch","abstract":"<a href=\"https:\/\/www.youtube.com\/watch?v=19IpYKOBwL4\">Learn about Detroit\u2019s Black Bottom and Paradise Valley<\/a>\u00a0in this WDIV Channel 4 report. (5 minutes)","button":""},{"image":"","title":"Engage","abstract":"<a href=\"https:\/\/native-land.ca\/\">Using this interactive map<\/a>, identify which Indigenous nations have historical connections to the land you live on, the land you grew up on, or the land you work on. (5 minutes)","button":""},{"image":"","title":"Act","abstract":"Plan a trip to the\u00a0<a href=\"https:\/\/detroithistorical.org\/detroit-historical-museum\/exhibitions\/special-exhibitions\/detroit-67-perspectives\">Detroit Historical Museum\u2019s \u201cDetroit 67: Perspectives\u201d exhibit<\/a>\u00a0to hear first-person accounts of the racial tensions that flared during 1967 unrest and the subsequent fallout of the uprising.","button":""}]}},{"acf_fc_layout":"layout_wysiwyg","_acfe_flexible_toggle":"","component_wysiwyg":{"content":"<h3 class=\"wp-block-heading has-text-align-center mt-3\">Reflexione y comparta:<\/h3>\r\n<ol class=\"wp-block-list\">\r\n \t<li>Piensa en su propia historia familiar. \u00bfC\u00f3mo ha influido la raza en las ciudades o barrios en los que viven sus padres o abuelos, en el lugar donde creci\u00f3 o en el lugar donde vive hoy?<\/li>\r\n \t<li>\u00bfC\u00f3mo influy\u00f3 el lugar donde vivi\u00f3 en su comprensi\u00f3n de la raza, la cultura y la etnia?<\/li>\r\n \t<li>\u00bfQu\u00e9 mensajes, experiencias o relatos sobre Detroit han moldeado su perspectiva de la ciudad?<\/li>\r\n<\/ol>","":null,"settings":""}},{"acf_fc_layout":"layout_footer_promo","_acfe_flexible_toggle":"","component_footer_promo":{"title":"Hable con su c\u00edrculo social.","abstract":"Start the conversation. Send the tweet. Share your story. Make the Facebook post. Sharing what you learn and experience with your family, friends, and co-workers is the first step toward allyship. Join thousands in conversation by using hastag #EquityChallenge or #TakeTheEC21","buttons":null}}]},"yoast_head":"<!-- This site is optimized with the Yoast SEO plugin v26.8 - https:\/\/yoast.com\/product\/yoast-seo-wordpress\/ -->\n<title>Day 8: Tracing Inequity in the History of Metro Detroit - United Way for Southeastern Michigan<\/title>\n<meta name=\"robots\" content=\"index, follow, max-snippet:-1, max-image-preview:large, max-video-preview:-1\" \/>\n<link rel=\"canonical\" href=\"https:\/\/unitedwaysem.org\/es\/equity-challenge-days\/day-8-tracing-inequity-in-the-history-of-metro-detroit\/\" \/>\n<meta property=\"og:locale\" content=\"es_MX\" \/>\n<meta property=\"og:type\" content=\"article\" \/>\n<meta property=\"og:title\" content=\"Day 8: Tracing Inequity in the History of Metro Detroit - United Way for Southeastern Michigan\" \/>\n<meta property=\"og:url\" content=\"https:\/\/unitedwaysem.org\/es\/equity-challenge-days\/day-8-tracing-inequity-in-the-history-of-metro-detroit\/\" \/>\n<meta property=\"og:site_name\" content=\"United Way for Southeastern Michigan\" \/>\n<meta property=\"og:image\" content=\"https:\/\/unitedwaysem.org\/wp-content\/uploads\/2025\/01\/uwsem-share-image-v2.jpg\" \/>\n\t<meta property=\"og:image:width\" content=\"1200\" \/>\n\t<meta property=\"og:image:height\" content=\"630\" \/>\n\t<meta property=\"og:image:type\" content=\"image\/jpeg\" \/>\n<meta name=\"twitter:card\" content=\"summary_large_image\" \/>\n<script type=\"application\/ld+json\" class=\"yoast-schema-graph\">{\"@context\":\"https:\/\/schema.org\",\"@graph\":[{\"@type\":\"WebPage\",\"@id\":\"https:\/\/unitedwaysem.org\/equity-challenge-days\/day-8-tracing-inequity-in-the-history-of-metro-detroit\/\",\"url\":\"https:\/\/unitedwaysem.org\/equity-challenge-days\/day-8-tracing-inequity-in-the-history-of-metro-detroit\/\",\"name\":\"Day 8: Tracing Inequity in the History of Metro Detroit - United Way for Southeastern Michigan\",\"isPartOf\":{\"@id\":\"https:\/\/unitedwaysem.org\/#website\"},\"datePublished\":\"2025-04-18T19:12:10+00:00\",\"breadcrumb\":{\"@id\":\"https:\/\/unitedwaysem.org\/equity-challenge-days\/day-8-tracing-inequity-in-the-history-of-metro-detroit\/#breadcrumb\"},\"inLanguage\":\"es\",\"potentialAction\":[{\"@type\":\"ReadAction\",\"target\":[\"https:\/\/unitedwaysem.org\/equity-challenge-days\/day-8-tracing-inequity-in-the-history-of-metro-detroit\/\"]}]},{\"@type\":\"BreadcrumbList\",\"@id\":\"https:\/\/unitedwaysem.org\/equity-challenge-days\/day-8-tracing-inequity-in-the-history-of-metro-detroit\/#breadcrumb\",\"itemListElement\":[{\"@type\":\"ListItem\",\"position\":1,\"name\":\"Home\",\"item\":\"https:\/\/unitedwaysem.org\/\"},{\"@type\":\"ListItem\",\"position\":2,\"name\":\"Day 8: Tracing Inequity in the History of Metro Detroit\"}]},{\"@type\":\"WebSite\",\"@id\":\"https:\/\/unitedwaysem.org\/#website\",\"url\":\"https:\/\/unitedwaysem.org\/\",\"name\":\"United Way for Southeastern Michigan\",\"description\":\"\",\"publisher\":{\"@id\":\"https:\/\/unitedwaysem.org\/#organization\"},\"potentialAction\":[{\"@type\":\"SearchAction\",\"target\":{\"@type\":\"EntryPoint\",\"urlTemplate\":\"https:\/\/unitedwaysem.org\/?s={search_term_string}\"},\"query-input\":{\"@type\":\"PropertyValueSpecification\",\"valueRequired\":true,\"valueName\":\"search_term_string\"}}],\"inLanguage\":\"es\"},{\"@type\":\"Organization\",\"@id\":\"https:\/\/unitedwaysem.org\/#organization\",\"name\":\"United Way for Southeastern Michigan\",\"url\":\"https:\/\/unitedwaysem.org\/\",\"logo\":{\"@type\":\"ImageObject\",\"inLanguage\":\"es\",\"@id\":\"https:\/\/unitedwaysem.org\/#\/schema\/logo\/image\/\",\"url\":\"https:\/\/unitedwaysem.org\/wp-content\/uploads\/2024\/12\/uwsem-logo.png\",\"contentUrl\":\"https:\/\/unitedwaysem.org\/wp-content\/uploads\/2024\/12\/uwsem-logo.png\",\"width\":768,\"height\":768,\"caption\":\"United Way for Southeastern Michigan\"},\"image\":{\"@id\":\"https:\/\/unitedwaysem.org\/#\/schema\/logo\/image\/\"}}]}<\/script>\n<!-- \/ Yoast SEO plugin. -->","yoast_head_json":{"title":"Day 8: Tracing Inequity in the History of Metro Detroit - United Way for Southeastern Michigan","robots":{"index":"index","follow":"follow","max-snippet":"max-snippet:-1","max-image-preview":"max-image-preview:large","max-video-preview":"max-video-preview:-1"},"canonical":"https:\/\/unitedwaysem.org\/es\/equity-challenge-days\/day-8-tracing-inequity-in-the-history-of-metro-detroit\/","og_locale":"es_MX","og_type":"article","og_title":"Day 8: Tracing Inequity in the History of Metro Detroit - United Way for Southeastern Michigan","og_url":"https:\/\/unitedwaysem.org\/es\/equity-challenge-days\/day-8-tracing-inequity-in-the-history-of-metro-detroit\/","og_site_name":"United Way for Southeastern Michigan","og_image":[{"width":1200,"height":630,"url":"https:\/\/unitedwaysem.org\/wp-content\/uploads\/2025\/01\/uwsem-share-image-v2.jpg","type":"image\/jpeg"}],"twitter_card":"summary_large_image","schema":{"@context":"https:\/\/schema.org","@graph":[{"@type":"WebPage","@id":"https:\/\/unitedwaysem.org\/equity-challenge-days\/day-8-tracing-inequity-in-the-history-of-metro-detroit\/","url":"https:\/\/unitedwaysem.org\/equity-challenge-days\/day-8-tracing-inequity-in-the-history-of-metro-detroit\/","name":"Day 8: Tracing Inequity in the History of Metro Detroit - United Way for Southeastern Michigan","isPartOf":{"@id":"https:\/\/unitedwaysem.org\/#website"},"datePublished":"2025-04-18T19:12:10+00:00","breadcrumb":{"@id":"https:\/\/unitedwaysem.org\/equity-challenge-days\/day-8-tracing-inequity-in-the-history-of-metro-detroit\/#breadcrumb"},"inLanguage":"es","potentialAction":[{"@type":"ReadAction","target":["https:\/\/unitedwaysem.org\/equity-challenge-days\/day-8-tracing-inequity-in-the-history-of-metro-detroit\/"]}]},{"@type":"BreadcrumbList","@id":"https:\/\/unitedwaysem.org\/equity-challenge-days\/day-8-tracing-inequity-in-the-history-of-metro-detroit\/#breadcrumb","itemListElement":[{"@type":"ListItem","position":1,"name":"Home","item":"https:\/\/unitedwaysem.org\/"},{"@type":"ListItem","position":2,"name":"Day 8: Tracing Inequity in the History of Metro Detroit"}]},{"@type":"WebSite","@id":"https:\/\/unitedwaysem.org\/#website","url":"https:\/\/unitedwaysem.org\/","name":"United Way para el sureste de Michigan","description":"","publisher":{"@id":"https:\/\/unitedwaysem.org\/#organization"},"potentialAction":[{"@type":"SearchAction","target":{"@type":"EntryPoint","urlTemplate":"https:\/\/unitedwaysem.org\/?s={search_term_string}"},"query-input":{"@type":"PropertyValueSpecification","valueRequired":true,"valueName":"search_term_string"}}],"inLanguage":"es"},{"@type":"Organization","@id":"https:\/\/unitedwaysem.org\/#organization","name":"United Way para el sureste de Michigan","url":"https:\/\/unitedwaysem.org\/","logo":{"@type":"ImageObject","inLanguage":"es","@id":"https:\/\/unitedwaysem.org\/#\/schema\/logo\/image\/","url":"https:\/\/unitedwaysem.org\/wp-content\/uploads\/2024\/12\/uwsem-logo.png","contentUrl":"https:\/\/unitedwaysem.org\/wp-content\/uploads\/2024\/12\/uwsem-logo.png","width":768,"height":768,"caption":"United Way for Southeastern Michigan"},"image":{"@id":"https:\/\/unitedwaysem.org\/#\/schema\/logo\/image\/"}}]}},"_links":{"self":[{"href":"https:\/\/unitedwaysem.org\/es\/wp-json\/wp\/v2\/equity\/3439","targetHints":{"allow":["GET"]}}],"collection":[{"href":"https:\/\/unitedwaysem.org\/es\/wp-json\/wp\/v2\/equity"}],"about":[{"href":"https:\/\/unitedwaysem.org\/es\/wp-json\/wp\/v2\/types\/equity"}],"version-history":[{"count":0,"href":"https:\/\/unitedwaysem.org\/es\/wp-json\/wp\/v2\/equity\/3439\/revisions"}],"wp:attachment":[{"href":"https:\/\/unitedwaysem.org\/es\/wp-json\/wp\/v2\/media?parent=3439"}],"curies":[{"name":"wp","href":"https:\/\/api.w.org\/{rel}","templated":true}]}}

Día 8: Rastreando la desigualdad en la historia del área metropolitana de Detroit

Though we might not see it on the surface, the effects of historic, race-based inequity run deep and wide in Southeastern Michigan. Understanding the far-reaching impact of race relations in the history of metro Detroit is key to developing a more equitable region for all.

According to the <a href="https://www.nps.gov/articles/000/native-american-history-in-detroit.htm#:~:text=Detroit%20occupies%20the%20contemporary%20and,by%20the%20city%20in%201807.">Servicio de Parques Nacionales</a>, “Detroit ocupa las tierras ancestrales y contemporáneas de... los ojibwe, los ottawa y los potawatomi”. El Tratado de Detroit de 1807 obligó a los pueblos indígenas a abandonar estas tierras y trasladarse a reservas con las que no tenían ninguna conexión histórica. Más de 200 años después, los efectos negativos del Tratado de Detroit se pueden observar en la desigualdad a la que se enfrenta esta comunidad: <a href="https://www.ncbi.nlm.nih.gov/pmc/articles/PMC2567901/#:~:text=U.S.%20Census%20Bureau%20statistics%20reveal,communities%20(e.g.%2C%2066%25).">Los datos federales muestran que</a> Native Americans suffer worse outcomes in education, healthcare, and life expectancy, and experience higher rates of obesity, substance abuse, violence and suicide.

In 1950, at its peak population of nearly 2 million people, the city of Detroit was 84 percent white (over 1.5 million people). Today, less than 15 percent of Detroit’s 672,000 residents are white — that’s fewer than 100,000 people. What factors led to the mass exodus of hundreds of thousands of Detroiters from what was once America’s fourth-most populous city? And how did racial division play a part in the development of our city and greater region? Today we’ll explore junctures that exacerbated race-based inequity in the Motor City, including the dismissal of indigenous nations, white flight, Detroit’s bankruptcy, the 1967 uprising, and the destruction of Detroit’s Black Bottom.

<h3 class="wp-block-heading has-text-align-center mt-3">Reflexione y comparta:</h3>
<ol class="wp-block-list">
 	<li>Piensa en su propia historia familiar. ¿Cómo ha influido la raza en las ciudades o barrios en los que viven sus padres o abuelos, en el lugar donde creció o en el lugar donde vive hoy?</li>
 	<li>¿Cómo influyó el lugar donde vivió en su comprensión de la raza, la cultura y la etnia?</li>
 	<li>¿Qué mensajes, experiencias o relatos sobre Detroit han moldeado su perspectiva de la ciudad?</li>
</ol>

Hable con su círculo social.
